{"id":442,"date":"2013-12-18T12:27:17","date_gmt":"2013-12-18T12:27:17","guid":{"rendered":"http:\/\/www.hsv-spittal.at\/?page_id=442"},"modified":"2020-01-13T17:31:20","modified_gmt":"2020-01-13T17:31:20","slug":"fotos","status":"publish","type":"page","link":"http:\/\/www.hsv-spittal.at\/?page_id=442","title":{"rendered":"Fotos .."},"content":{"rendered":"<p style=\"text-align: left;\"><a href=\"http:\/\/www.hsv-spittal.at\/wp-content\/uploads\/2013\/12\/demobild_2015.png\"><img decoding=\"async\" loading=\"lazy\" class=\"aligncenter size-large wp-image-864\" src=\"http:\/\/www.hsv-spittal.at\/wp-content\/uploads\/2013\/12\/demobild_2015-1024x661.png\" alt=\"demobild_2015\" width=\"625\" height=\"403\" srcset=\"http:\/\/www.hsv-spittal.at\/wp-content\/uploads\/2013\/12\/demobild_2015-1024x661.png 1024w, http:\/\/www.hsv-spittal.at\/wp-content\/uploads\/2013\/12\/demobild_2015-100x65.png 100w, http:\/\/www.hsv-spittal.at\/wp-content\/uploads\/2013\/12\/demobild_2015-300x194.png 300w, http:\/\/www.hsv-spittal.at\/wp-content\/uploads\/2013\/12\/demobild_2015-624x403.png 624w, http:\/\/www.hsv-spittal.at\/wp-content\/uploads\/2013\/12\/demobild_2015.png 1384w\" sizes=\"(max-width: 625px) 100vw, 625px\" \/><\/a><br><strong>Beispielvergleichsbild vom Porcialauf 2015<\/strong><\/p>\n<p style=\"text-align: left;\"><strong>Die Bilder sind <span style=\"text-decoration: underline;\">sp\u00e4testens<\/span> am Montag nach dem Lauf gegen 1800 Uhr online.<\/strong><\/p>\n<p><strong><br><span style=\"color: #ff0000;\"><span style=\"text-decoration: underline;\">NEU ab 2017:<\/span> Die Bilder werden mit <span style=\"text-decoration: underline;\">maximal<\/span> 11MPxl (4200x2800pxl = garantierte Druckgr\u00f6\u00dfe bis A4 bzw. A3 ausreichend) f\u00fcr 30 Tage zur Verf\u00fcgung gestellt und d\u00fcrfen <span style=\"text-decoration: underline;\">UNVER\u00c4NDERT<\/span> f\u00fcr NICHT KOMMERZIELLE Zwecke verwendet werden!<\/span> <\/strong>(\u00fcber Microsoft OneDrive)<strong><br><\/strong><\/p>\n<p>&#8211;&gt; <strong><span style=\"color: #ff0000;\">Haftungsausschluss<\/span> <\/strong>beachten:<strong> <a href=\"http:\/\/www.hsv-spittal.at\/?page_id=16\" target=\"_blank\" rel=\"noopener noreferrer\">klick ..<\/a><\/strong><\/p>\n<p><strong>Der Fotograf freut sich \u00fcber <span style=\"text-decoration: underline;\">freiwillige<\/span> Spenden f\u00fcr die Fotos \ud83d\ude42<br>( Konto, <span style=\"color: #0000ff;\">NUR<\/span> f\u00fcr Porcialauf-Bilder: Michael Kleinsasser, IBAN: AT504213042572590000, Zahlungszweck: frw.Spende Porcialauf-Fotos )<br><\/strong><strong><br><\/strong><br><strong>30 Tage nach jedem Lauf<\/strong> werden die Bilder vom Netz genommen!<br>\u00c4ltere Fotos (2012 bis &#8230;.) sind falls archiviert nur mehr auf Anfrage \u00fcber Email: kleinsasser1968@gmail.com erh\u00e4ltlich. (DSGVO &#8230;) <br>Angaben f\u00fcr solche Fotos: Startnummer und NAME des\/der L\u00e4ufers\/L\u00e4uferin und Bewerb!<\/p>\n<p>Derzeit vorhandene Archive: 2012, 2013, 2014, 2015, 2016, 2017, 2019<\/p>\n\n","protected":false},"excerpt":{"rendered":"<p>Beispielvergleichsbild vom Porcialauf 2015 Die Bilder sind sp\u00e4testens am Montag nach dem Lauf gegen 1800 Uhr online. NEU ab 2017: Die Bilder werden mit maximal 11MPxl (4200x2800pxl = garantierte Druckgr\u00f6\u00dfe bis A4 bzw. A3 ausreichend) f\u00fcr 30 Tage zur Verf\u00fcgung gestellt und d\u00fcrfen UNVER\u00c4NDERT f\u00fcr NICHT KOMMERZIELLE Zwecke verwendet werden! (\u00fcber Microsoft OneDrive) &#8211;&gt; Haftungsausschluss [&hellip;]<\/p>\n","protected":false},"author":1,"featured_media":0,"parent":410,"menu_order":35,"comment_status":"closed","ping_status":"open","template":"","meta":{"ngg_post_thumbnail":0,"_links_to":"","_links_to_target":""},"_links":{"self":[{"href":"http:\/\/www.hsv-spittal.at\/index.php?rest_route=\/wp\/v2\/pages\/442"}],"collection":[{"href":"http:\/\/www.hsv-spittal.at\/index.php?rest_route=\/wp\/v2\/pages"}],"about":[{"href":"http:\/\/www.hsv-spittal.at\/index.php?rest_route=\/wp\/v2\/types\/page"}],"author":[{"embeddable":true,"href":"http:\/\/www.hsv-spittal.at\/index.php?rest_route=\/wp\/v2\/users\/1"}],"replies":[{"embeddable":true,"href":"http:\/\/www.hsv-spittal.at\/index.php?rest_route=%2Fwp%2Fv2%2Fcomments&post=442"}],"version-history":[{"count":9,"href":"http:\/\/www.hsv-spittal.at\/index.php?rest_route=\/wp\/v2\/pages\/442\/revisions"}],"predecessor-version":[{"id":7018,"href":"http:\/\/www.hsv-spittal.at\/index.php?rest_route=\/wp\/v2\/pages\/442\/revisions\/7018"}],"up":[{"embeddable":true,"href":"http:\/\/www.hsv-spittal.at\/index.php?rest_route=\/wp\/v2\/pages\/410"}],"wp:attachment":[{"href":"http:\/\/www.hsv-spittal.at\/index.php?rest_route=%2Fwp%2Fv2%2Fmedia&parent=442"}],"curies":[{"name":"wp","href":"https:\/\/api.w.org\/{rel}","templated":true}]}}